se 4, what is -10 - 1231?
-1301
In base 14, what is 4 - -b?
11
In base 9, what is 3251 + -2?
3248
In base 14, what is 28 - 7?
21
In base 14, what is -39 + -7?
-42
In base 15, what is d - -1?
e
In base 10, what is -295 - -1?
-294
In base 12, what is 11 - -1?
12
In base 12, what is -3a + 267?
229
In base 2, what is -101 + -1100000?
-1100101
In base 9, what is 0 - 6?
-6
In base 6, what is 1 + -21?
-20
In base 7, what is 2140 + -3?
2134
In base 7, what is -26 + 31?
2
In base 4, what is -1323 + -11?
-2000
In base 3, what is 110000 + 22?
110022
In base 15, what is 37a + -3?
377
In base 14, what is -372 - 3?
-375
In base 6, what is 0 - 254?
-254
In base 2, what is -10100 - -11111?
1011
In base 16, what is 47 - 12?
35
In base 15, what is 4 + 9e4?
9e8
In base 15, what is 141 + -2?
13e
In base 10, what is 10 + -141?
-131
In base 16, what is 1bc - -1?
1bd
In base 14, what is 12 - -33?
45
In base 15, what is -35 - 8?
-3d
In base 14, what is -37 + -3?
-3a
In base 12, what is -25 - 378?
-3a1
In base 11, what is 2965 + -4?
2961
In base 12, what is 49 + 1?
4a
In base 13, what is -12 + -6?
-18
In base 10, what is -1961 - -1?
-1960
In base 14, what is 4 - 64b?
-647
In base 8, what is -3 - 26?
-31
In base 2, what is -100001110001 + -101?
-100001110110
In base 10, what is 139 - 24?
115
In base 3, what is 111 - 11?
100
In base 3, what is -10 + -20102?
-20112
In base 11, what is 1 - -74?
75
In base 11, what is -4 + 3?
-1
In base 10, what is -68 + -1?
-69
In base 6, what is -140 - 231?
-411
In base 16, what is -2 - -14d?
14b
In base 11, what is 2 + 57?
59
In base 2, what is 10 + -1111010?
-1111000
In base 11, what is 20 - 3?
18
In base 13, what is -7 + c76?
c6c
In base 15, what is -299 - 24?
-2bd
In base 10, what is -62 + -2?
-64
In base 5, what is 133 - -1204?
1342
In base 14, what is 6 - 11?
-9
In base 3, what is -102 - 111?
-220
In base 5, what is -241 - -241?
0
In base 10, what is 20 + -32?
-12
In base 5, what is 3043 - -30?
3123
In base 16, what is -69 + -c?
-75
In base 7, what is -1 + 40?
36
In base 8, what is -467 + -5?
-474
In base 5, what is 3 - 32212?
-32204
In base 6, what is 3 - -323?
330
In base 3, what is 11021 - -102?
11200
In base 2, what is 100 + -1000100001?
-1000011101
In base 6, what is 1031 + 5?
1040
In base 2, what is -10 + 110011010?
110011000
In base 9, what is 120 - 1?
118
In base 16, what is -2 - -1e?
1c
In base 9, what is 184 + -36?
147
In base 15, what is 1 - -d3?
d4
In base 7, what is 213 - 5?
205
In base 11, what is -1 - -22?
21
In base 9, what is 2 + -3?
-1
In base 7, what is 26 - -631?
660
In base 9, what is -245 - -5?
-240
In base 3, what is 10 + 1101121?
1101201
In base 4, what is -1020 - -2?
-1012
In base 7, what is 0 - -20?
20
In base 6, what is -12102 + 5?
-12053
In base 3, what is -2101 + -2210?
-12011
In base 7, what is 1 - 1162?
-1161
In base 3, what is -110 - -11202?
11022
In base 16, what is 7319 + 3?
731c
In base 6, what is 23 - 355?
-332
In base 12, what is 173 - -2?
175
In base 11, what is -1217 + -4?
-1220
In base 6, what is 1130 - 51?
1035
In base 6, what is -2340 + -2?
-2342
In base 3, what is 0 - -2222222?
2222222
In base 16, what is 15b4 + 4?
15b8
In base 2, what is 11100010 + -1?
11100001
In base 13, what is -a - -5b?
51
In base 14, what is 2514 + 0?
2514
In base 5, what is -1 - -231?
230
In base 12, what is 3a - 6?
34
In base 5, what is -442 - -20?
-422
In base 13, what is 21c + -6?
216
In base 8, what is 160 - 2?
156
In base 13, what is -122 + 61?
-91
In base 10, what is 32 - 49?
-17
In base 11, what is 8a + -4?
86
In base 9, what is 1 + -51?
-50
In base 10, what is 5 + 10?
15
In base 14, what is -10 - -1a?
a
In base 14, what is 0 + -97?
-97
In base 3, what is -101 - 11?
-112
In base 7, what is 10 + -301?
-261
In base 14, what is -2 + -390?
-392
In base 15, what is -5 + -46?
-4b
In base 8, what is -4 - -2?
-2
In base 4, what is -2 + -1301?
-1303
In base 15, what is 9 - -c3?
cc
In base 8, what is -12 - 2020?
-2032
In base 11, what is -18 + 285?
268
In base 15, what is -5 + c?
7
In base 6, what is 4 + -3502?
-3454
In base 2, what is -101001110 + -101?
-101010011
In base 6, what is 41112 - 5?
41103
In base 5, what is 33211 + -2?
33204
In base 11, what is -2657 + 4?
-2653
In base 6, what is -354 + 3?
-351
In base 6, what is -33 + -3302?
-3335
In base 16, what is 4 + db?
df
In base 7, what is 0 - -130?
130
In base 2, what is 1001111010 + -1000?
1001110010
In base 4, what is 1000 - -22?
1022
In base 9, what is 4 + -4?
0
In base 2, what is -1110111100 + 0?
-1110111100
In base 13, what is 732 + -3?
72c
In base 6, what is -214 + -1?
-215
In base 6, what is 1122 - 4?
1114
In base 9, what is 16 - 0?
16
In base 15, what is -3 - -3d?
3a
In base 15, what is -b94 + 4?
-b90
In base 11, what is -3 + -87?
-8a
In base 12, what is -6 + 114?
10a
In base 8, what is -16 - 11?
-27
In base 5, what is 1424 - -220?
2144
In base 4, what is 1 + 222?
223
In base 16, what is ec - 7?
e5
In base 8, what is 1 + -21?
-20
In base 4, what is -1001 - 3?
-1010
In base 16, what is -7 + -53?
-5a
In base 16, what is -11 + 7?
-a
In base 14, what is 263 + 3?
266
In base 9, what is 4600 + 2?
4602
In base 9, what is 14888 + 3?
15002
In base 5, what is -24 + 20240?
20211
In base 3, what is -20 + 1221011?
1220221
In base 15, what is 4 - a5?
-a1
In base 3, what is 12 + 2011022?
2011111
In base 3, what is -1011220 + -2?
-1011222
In base 6, what is -34 + -12?
-50
In base 7, what is 3 + 102?
105
In base 16, what is 3 + 1d47?
1d4a
In base 2, what is 1111 + -111?
1000
In base 16, what is 2 - 17?
-15
In base 2, what is 10110010000 + -1?
10110001111
In base 3, what is -1002 - -112?
-120
In base 14, what is 1 - 5dd?
-5dc
In base 4, what is -10 + 11220?
11210
In base 10, what is -4 + -881?
-885
In base 3, what is -1212 - 120222?
-122211
In base 8, what is 2 + 12?
14
In base 11, what is -5 - 25?
-2a
In base 4, what is -10011 - 0?
-10011
In base 3, what is -120121 + -101?
-120222
In base 10, what is 5 - -44?
49
In base 14, what is -1c + -10?
-2c
In base 14, what is 366 + 4?
36a
In base 13, what is 1b - -b?
29
In base 5, what is 13 - 30?
-12
In base 9, what is -15 + 4?
-11
In base 2, what is -101 - 101110000111?
-101110001100
In base 11, what is -12 + -172?
-184
In base 8, what is 145 - 6?
137
In base 3, what is 20 + -11020102?
-11020012
In base 10, what is 337 - 1?
336
In base 6, what is -51044 + -4?
-51052
In base 7, what is 3 + 63?
66
In base 7, what is 121540 + 1?
121541
In base 8, what is -246 + -25?
-273
In base 16, what is 99d - 1?
99c
In base 14, what is -8 - -5?
-3
In base 9, what is -4 + -4363?
-4367
In base 16, what is 1b77 - 3?
1b74
In base 10, what is -550 - -41?
-509
In base 16, what is 55 - -4?
59
In base 14, what is -d - -129?
11a
In base 16, what is -5 - -c0?
bb
In base 15, what is -8 + -5?
-d
In base 16, what is 210 - 4?
20c
In base 5, what is -441 + 3?
-433
In base 13, what is a5 - -1?
a6
In base 14, what is -4 + 125?
121
In base 5, what is -2 + 14302?
14300
In base 8, what is -1 - 2604?
-2605
In base 2, what is -1 - -1011111011111?
1011111011110
In base 3, what is -12 - 1201?
-1220
In base 2, what is -11 - 100011?
-100110
In base 3, what is 12 + -2102?
-2020
In base 12, what is -5 - 70?
-75
In base 11, what is -107aa + 3?
-107a7
In base 8, what is 2561 + 0?
2561
In base 7, what is 2 + -1244?
-1242
In base 8, what is 113 + -17?
74
In base 16, what is 19 + -30?
-17
In base 7, what is 36 - -13?
52
In base 2, what is -10 + -110011010?
-110011100
In base 7, what is 3453 - 2?
3451
In base 5, what is -1330432 - -10?
-1330422
In base 11, what is 2 - 12?
-10
In base 15, what is 3 + -24?
-21
In base 9, what is 0 + -417?
-417
In base 6, what is -20 + 12?
-4
In base 6, what is 1 - 10532?
-10531
In base 10, what is 0 - -13?
13
In base 8, what is 0 - -15262?
15262
In base 14, what is -362 + -4?
-366
In base 3, what is -10110 - 1?
-10111
In base 8, what is -211 + 6?
-203
In base 14, what is 42 - 2c?
14
In base 16, what is 3a8 + 2?
3aa
In base 5, what is -230 - -4?
-221
In base 13, what is -5 - a6b?
-a73
In base 8, what is -2 + 115?
113
In base 12, what is -43 - 7?
-4a
In base 13, what is -11 + 3c?
2b
In base 14, what is -45 + 0?
-45
In base 14, what is 3 + 1?
4
In base 5, what is 220 + -11?
204
In base 14, what is 1d2 - 5?
1cb
In base 2, what is 10 + 10101?
10111
